4)/(-24)*3.
2
Let o = 146 - 60. What is the remainder when o is divided by 22?
20
Suppose 257 = 3*y + 50. Suppose -159 - y = -4*r. What is the remainder when r is divided by (0 + -3)/((-2)/10)?
12
Let v = 15 + 3. What is the remainder when 27 is divided by 8/(-3)*v/(-8)?
3
Let w = 442 + -418. Calculate the remainder when 56 is divided by w.
8
Let k be 22/2*(1 + 0). Let w(c) be the third derivative of -c**4/24 + 7*c**3/3 - 6*c**2. Calculate the remainder when 3 is divided by w(k).
0
Suppose 0 = -4*f + 3*f. What is the remainder when 30 is divided by -16*(-4 - (f + -3))?
14
Suppose 0*z = 2*z + 5*k - 58, 16 = z - 4*k. Suppose i = -2 + z. Suppose -2*m + 64 = -i. What is the remainder when m is divided by 15?
13
Let i = -12 - -43. Calculate the remainder when i is divided by 21.
10
Suppose -3*z = -6 - 3. Let y be (-10 - -4)/(1/4). What is the remainder when (-140)/(-24) + (-4)/y is divided by z?
0
Let r = 375 - 356. Calculate the remainder when 92 is divided by r.
16
Suppose 0 = -2*r + 74 - 66. What is the remainder when 13 is divided by r?
1
Suppose -k = k - 56. Let l = k + 0. Calculate the remainder when l is divided by 0 - -13 - (1 - 3).
13
Suppose 31 + 44 = 5*t. Let r(x) = -x**3 + 7*x**2 + 3*x - 12. Calculate the remainder when r(6) is divided by t.
12
Suppose -18*y + 497 - 263 = 0. Suppose -5*p + p + 304 = 4*m, -p + 5*m = -58. What is the remainder when p is divided by y?
8
Let i(w) = 11*w + 12. Let l(r) = 5*r + 6. Let g(x) = -2*i(x) + 5*l(x). Let n(y) = y**2 - y + 3. What is the remainder when g(6) is divided by n(2)?
4
Let k = -6 + 13. Suppose 0 = -2*h - 3*x + 32, 0 = -k*h + 4*h - 2*x + 43. Suppose 0 = -28*t + 43*t - 525. What is the remainder when t is divided by h?
9
Let t(b) = 3*b**2 + 3*b - 5. Let y(u) = u**2 + 5*u + 3. Let j be y(-6). Let q = 5 - j. What is the remainder when t(q) is divided by 16?
15
Calculate the remainder when (-10)/100*5*(-37 - -1) is divided by 5.
3
Let n(s) = 11*s - 43. What is the remainder when 135 is divided by n(7)?
33
Suppose 0 = 12*a + 388 - 556. Calculate the remainder when 27 is divided by a.
13
Suppose -4*s = -3*d + 31, 4*d - 4*s - 21 = 15. Suppose d*i - 581 = w, -2*i - w + 230 = w. Calculate the remainder when i is divided by 30.
26
Suppose 12 = 5*y - 2*a, y + 4*a = -3*y + 4. Suppose -5 = -3*x - 2*h + 18, -4*x + 2*h + 26 = 0. What is the remainder when x is divided by y?
1
What is the remainder when 28/126 + (-8634)/(-27) is divided by 86?
62
Suppose 33*g - 28*g = -65. Let j = 30 - g. What is the remainder when j is divided by 23?
20
Let f = 230 - 89. What is the remainder when f is divided by 7?
1
Suppose -22 = -2*h - 4*y, -2*h + 5*y = h + 11. Suppose h*p + 52 = 7*p. Calculate the remainder when p is divided by (22/(-8) + 4)/((-1)/(-4)).
3
Suppose 3*i = -0*i + 30. What is the remainder when i is divided by (-34)/(-5) - (56/35)/(-8)?
3
Let i(t) = t**3 + 14*t**2 - 15*t - 1. Let u be i(-15). Let j = 10 + u. Let w(l) = l**3 + 5*l**2 + 3*l. Calculate the remainder when j is divided by w(-2).
3
Suppose -3*y + 8*y = -35. Let v = y + 19. What is the remainder when 34 is divided by v?
10
Let y be 1/(-2) - 830/(-20). Suppose 5*a = 4*t - y, -3*a - 48 = 4*t - 9*t. Suppose 0*g = 5*g - 25. Calculate the remainder when t is divided by g.
4
Suppose 5*w - 27 = 2*w. Suppose -5*b - 3*p + 21 = -5*p, 2*p - 9 = -b. Suppose i - 1 = 2, 3*g = -b*i + 27. What is the remainder when w is divided by g?
1
Let v = -439 - -608. What is the remainder when v is divided by 35?
29
Let j = -706 - -812. Calculate the remainder when j is divided by 32.
10
Let f = -6 + 10. Suppose 3*j - f*j = -1, -2*n + 4*j + 28 = 0. Let s(c) = c**3 + 5*c**2 - 2*c + 6. What is the remainder when s(-4) is divided by n?
14
Let w be (-3)/(-2) + 540/8. Let k = 150 - w. Calculate the remainder when k is divided by 14.
11
Let z(w) = 2*w**2 - 25*w + 6. Calculate the remainder when 183 is divided by z(13).
12
Suppose 5*s = -0*i + 3*i + 104, 61 = -2*i - 5*s. What is the remainder when (i/6 - -4)/((-3)/188) is divided by 24?
22
What is the remainder when ((24/10)/3)/(2/70) is divided by (-2)/7 - (-228)/14?
12
Let g be -8 + 11 + 3 + 0. Let x be (-6)/(-18) - (-202)/g. Suppose 0 = s + 4*a - 20, -3*s = -3*a - x - 11. What is the remainder when 61 is divided by s?
13
Suppose -495 = 4*w + 577. Let v = w + 423. Calculate the remainder when v is divided by 39.
38
Let s = -43 - -83. Let f = s + -3. What is the remainder when f is divided by (38/6)/((-2)/(-6))?
18
Suppose 4 + 16 = 2*b. Let a = -31 + 33. Suppose -3*g + b = -a*g. What is the remainder when g is divided by 4?
2
Let s be (13/(-2) + 5)/((-2)/(-24)). What is the remainder when 60 is divided by ((-4)/(-10))/((-2)/10) - s?
12
What is the remainder when 46*(-2 - (-2 + -3)) is divided by 1/(-2) - 71/(-2)?
33
Suppose 0 = 4*p - x - 81, 2*p + x - 54 = -15. Suppose -d + p = -i, -2*i + 24 = d - 7*i. Calculate the remainder when d is divided by 12.
7
Let k(d) be the third derivative of d**4/24 + 13*d**3/3 + 4*d**2. What is the remainder when k(0) is divided by 7?
5
Suppose 65 = -16*r + 673. What is the remainder when 48 is divided by r?
10
Let j(n) = n**3 - 2*n**2 - n - 3. Let m be j(3). Suppose -3*v + 4*s - 1 - 4 = 0, 4*v - 35 = -m*s. Calculate the remainder when 13 is divided by v.
3
Suppose 8*q - 481 = 159. What is the remainder when q is divided by 24?
8
Let p(g) = 16*g - 4*g**2 + 5*g**2 + 1 - 13. Suppose -3*b + 3 = 0, x = -2*b + 2 - 17. Calculate the remainder when 24 is divided by p(x).
4
Calculate the remainder when 327 is divided by ((-66)/(-55))/(21/1295).
31
Let g(j) = -36*j - 85. Calculate the remainder when g(-4) is divided by 57.
2
Suppose 4*i - 124 = -2*q, 2*q = -i + 77 + 50. What is the remainder when q is divided by 29?
6
Let s(q) = 16*q - 7. Suppose 4*x = 4*t - 32, 3*t = -6*x + x + 8. Let o be s(t). Let j = -54 + o. What is the remainder when j is divided by 12?
11
Let m(g) = -4*g**3 - 8*g**2 - 10*g - 26. Calculate the remainder when m(-5) is divided by 125.
74
Suppose 4*m = 4*k - 992, -5*k + m = 5*m - 1213. Calculate the remainder when k is divided by 41.
40
Let q(p) = 2 + 2*p + 3*p**2 + 4*p**2 - p**2. Let m be 1/(-3 - (3 - 5)). Calculate the remainder when 29 is divided by q(m).
5
Suppose 0 = 2*f + 2*f - 16. Let r = 215 + -217. Let b = r + f. Calculate the remainder when 5 is divided by b.
1
Suppose -2*x - c + 2 = 0, x + 3*x = 4*c - 8. Suppose -6*l + 12 = -x. What is the remainder when 5 is divided by l?
1
Let x(u) = u**2 - 3*u + 4. Let c be x(-4). Suppose 2*o + 22 = -c. Calculate the remainder when (o/(-6))/(3/30) is divided by 12.
9
Let r be 2/6 + 28/6. Suppose s - 3*s - 122 = -3*i, 0 = 3*i + r*s - 136. What is the remainder when i is divided by 9?
6
What is the remainder when 922 is divided by 2*9 + (-31 - -26)?
12
Suppose 18*r + 139 = 715. Calculate the remainder when 476 is divided by r.
28
Suppose -2*h - 66 + 186 = 0. What is the remainder when 91 is divided by (456/h)/(4/10)?
15
Suppose -38*i = -43*i. Suppose 15*f - 16*f - 30 = i. Let r = -9 - f. Calculate the remainder when 38 is divided by r.
17
Let z = -60 - -50. What is the remainder when 105 is divided by (5 - (-165)/(-6))*12/z?
24
Suppose 2*u - 3*u + 13 = 0. What is the remainder when ((-60)/9)/((-22)/165) is divided by u?
11
Let f = -1 - -4. Let b be (-6 + f + 4)*0. Suppose 0*d + 2*d - 8 = b. What is the remainder when 6 is divided by d?
2
Suppose 4*r - 5*y = 160, -2*r + 82 = 6*y - 9*y. Let m = 33 + -15. What is the remainder when r is divided by m?
17
Let t(g) = -5*g + 1 + 16*g - g**2 - 22. What is the remainder when t(6) is divided by 6?
3
Suppose 4*v - 18 = -2. Suppose 0 = 23*j - 22*j - 14. Suppose 2*l = v*s + 37 + 9, -l + 5*s = -j. Calculate the remainder when 114 is divided by l.
27
Suppose 5*j = 2*j - 30. Let o(k) = k**2 + 6*k - 11. What is the remainder when o(j) is divided by 15?
14
Let i(m) = 7*m**2 + m + 1. Let o be i(-2). Let u = o - 16. Let v(y) = 2*y + 3. What is the remainder when v(u) is divided by 14?
11
Let n(r) be the second derivative of r**4/6 - r**3/2 - 5*r**2/2 - 6*r. Let u(z) = -5*z - 23. Calculate the remainder when u(-16) is divided by n(4).
12
Suppose -3*u = 5*q - 252 + 28, -3*u - 4*q + 223 = 0. Suppose 2*z + 2*z - 12 = 0. Suppose z*y = 67 + 8. Calculate the remainder when u is divided by y.
23
Let g(h) = 6 - 4 + 5